{"id":2,"date":"2014-09-05T04:41:07","date_gmt":"2014-09-05T04:41:07","guid":{"rendered":"http:\/\/localhost\/wordpress-4.0\/wordpress\/?page_id=2"},"modified":"2021-03-30T07:25:08","modified_gmt":"2021-03-30T07:25:08","slug":"sample-page","status":"publish","type":"page","link":"https:\/\/cazarenllanera.com\/","title":{"rendered":"Cazar en llanera"},"content":{"rendered":"<p>&nbsp;<\/p>\n<p>&nbsp;<\/p>\n<p><strong>La Sociedad<\/strong><\/p>\n<p>La sociedad de Cazadores \u00abLA PERDIZ\u00bb de llanera, fundada en 1929, es una de las asociaci\u00f3nes cineg\u00e9ticas asturianas &nbsp;m\u00e1s veterana. Una entidad deportiva sin \u00e1nimo de lucro, cuya finalidad \u00fanica es la de promocionar entre sus afiliados la pr\u00e1ctica de la caza.[\/vc_column_text][\/vc_column]\n\t<div class=\"vc_col-sm-4 wpb_column column_container  \">\n\t\t\t\n\t<\/div> \n\n\t<div class=\"wpb_text_column wpb_content_element \">\n\t\t<div class=\"wpb_wrapper\">\n\t\t\t\n\t\t<\/div> \n\t<\/div> \n<p><a href=\"http:\/\/cazarenllanera.com\/wp-content\/uploads\/2014\/10\/Perdiz_roja.jpg\"><img loading=\"lazy\" class=\"aligncenter wp-image-57 size-large\" src=\"http:\/\/cazarenllanera.com\/wp-content\/uploads\/2014\/10\/Perdiz_roja-1024x682.jpg\" alt=\"\" width=\"980\" height=\"653\" srcset=\"https:\/\/cazarenllanera.com\/wp-content\/uploads\/2014\/10\/Perdiz_roja-1024x682.jpg 1024w, https:\/\/cazarenllanera.com\/wp-content\/uploads\/2014\/10\/Perdiz_roja-300x199.jpg 300w, https:\/\/cazarenllanera.com\/wp-content\/uploads\/2014\/10\/Perdiz_roja.jpg 1280w\" sizes=\"(max-width: 980px) 100vw, 980px\" \/><\/a><\/p>\n<p><strong>El Coto<\/strong><\/p>\n<p>En la actualidad es la adjudicataria del Coto Regional de caza n\u00ba 178, denominado LLANERA con m\u00e1s de 17.949 hect\u00e1reas de superficie en terrenos ubicados en la demarcaci\u00f3n central de asturiana que comprenden \u00edntegramente el concejo de Llanera y parte de los de Gij\u00f3n (Abad\u00eda de Cenero) y Oviedo (Naranco Norte).<\/p>\n<p><strong>\u00daltimas Noticias<\/strong><\/p>\n\t\n\t\t\t<div class=\"wpex-row vcex-blog-grid clr\" id=\"blog-10\">\n\t\t\t\t\t\t\t\t\t<article id=\"#post-1803\" class=\"vcex-blog-entry col col-1 span_1_of_1 cat-1\">\n\t\t\t\t\t\t\t\t\t\t\t\t\t\t\t\t\t\t\t\t\t\t\t\t\t\t\t\t\t\t\t\t\t\t\t\t\t\t\t<div class=\"vcex-blog-entry-details clr\" >\n\t\t\t\t\t\t\t\t\t\t\t\t\t\t\t\t\t<h2 class=\"vcex-blog-entry-title\" >\n\t\t\t\t\t\t\t\t\t\t<a href=\"https:\/\/cazarenllanera.com\/?p=1803\" title=\"CONVOCATORIA DE ASAMBLEA\" target=\"_self\" >\n\t\t\t\t\t\t\t\t\t\t\t\t\t\t\t\t\t\t\t\t\t\t\tCONVOCATORIA DE ASAMBLEA\t\t\t\t\t\t\t\t\t\t\t\t\t\t\t\t\t\t\t\t\t<\/a>\n\t\t\t\t\t\t\t\t\t<\/h2>\n\t\t\t\t\t\t\t\t\t\t\t\t\t\t\t\t\t<div class=\"vcex-blog-entry-date\" >febrero 18, 2022<\/div>\n\t\t\t\t\t\t\t\t\t\t\t\t\t\t\t\t\t<div class=\"vcex-blog-entry-excerpt clr\">\n\t\t\t\t\t\t\t\t\t\t<p>El dia 11 de marzo 2022 a las 20:00 Horas se convoca a todos los&hellip;<\/p>\t\t\t\t\t\t\t\t\t\t\t<a href=\"https:\/\/cazarenllanera.com\/?p=1803\" title=\"read more\" rel=\"bookmark\" class=\"vcex-readmore theme-button\" target=\"_self\" >\n\t\t\t\t\t\t\t\t\t\t\t\tread more <span class=\"vcex-readmore-rarr\">&rarr;<\/span>\n\t\t\t\t\t\t\t\t\t\t\t<\/a>\n\t\t\t\t\t\t\t\t\t\t\t\t\t\t\t\t\t\t\t<\/div>\n\t\t\t\t\t\t\t\t\t\t\t\t\t\t\t<\/div><!-- .blog-entry-details -->\n\t\t\t\t\t\t\t\t\t\t\t<\/article><!-- .blog-entry -->\n\t\t\t\t\t\t\t<\/div><!-- .vcex-blog-grid -->\n\t\t\t\n\t\t\t\n\n\n<p><\/p>\n","protected":false},"excerpt":{"rendered":"<p>&nbsp; &nbsp; La Sociedad La sociedad de Cazadores \u00abLA PERDIZ\u00bb de llanera, fundada en 1929, es una de las asociaci\u00f3nes cineg\u00e9ticas asturianas &nbsp;m\u00e1s veterana. Una entidad deportiva sin \u00e1nimo de lucro, cuya finalidad \u00fanica es la de promocionar entre sus afiliados la pr\u00e1ctica de la caza.[\/vc_column_text][\/vc_column] El Coto En la actualidad es la adjudicataria del Coto Regional de caza n\u00ba 178, denominado LLANERA con m\u00e1s&#8230;<\/p>\n","protected":false},"author":2,"featured_media":0,"parent":0,"menu_order":0,"comment_status":"closed","ping_status":"closed","template":"","meta":{"ngg_post_thumbnail":0},"_links":{"self":[{"href":"https:\/\/cazarenllanera.com\/index.php?rest_route=\/wp\/v2\/pages\/2"}],"collection":[{"href":"https:\/\/cazarenllanera.com\/index.php?rest_route=\/wp\/v2\/pages"}],"about":[{"href":"https:\/\/cazarenllanera.com\/index.php?rest_route=\/wp\/v2\/types\/page"}],"author":[{"embeddable":true,"href":"https:\/\/cazarenllanera.com\/index.php?rest_route=\/wp\/v2\/users\/2"}],"replies":[{"embeddable":true,"href":"https:\/\/cazarenllanera.com\/index.php?rest_route=%2Fwp%2Fv2%2Fcomments&post=2"}],"version-history":[{"count":12,"href":"https:\/\/cazarenllanera.com\/index.php?rest_route=\/wp\/v2\/pages\/2\/revisions"}],"predecessor-version":[{"id":1680,"href":"https:\/\/cazarenllanera.com\/index.php?rest_route=\/wp\/v2\/pages\/2\/revisions\/1680"}],"wp:attachment":[{"href":"https:\/\/cazarenllanera.com\/index.php?rest_route=%2Fwp%2Fv2%2Fmedia&parent=2"}],"curies":[{"name":"wp","href":"https:\/\/api.w.org\/{rel}","templated":true}]}}